is the units digit of v?
2
Let m be ((-206)/(-4))/(12/48). Suppose 0 = -8*u + 6*u + m. Let n = u + -72. What is the units digit of n?
1
Let z be 6*(-2)/(-4) - -183. Let y be (-4)/(-2)*z/12. Let q = y + -24. What is the units digit of q?
7
Let t be 3 + (-1 - 1 - 1). Let r be (1 - t)/((-2)/(-4)). Suppose -i + 0*i - 12 = -r*f, -3*f - 4*i + 29 = 0. What is the units digit of f?
7
Let f = 4423 - 2120. What is the tens digit of f?
0
Let s(q) = -q**2 + q + 1. Let b(y) = 3*y**2 + 4*y - 6. Let l(h) = b(h) + 4*s(h). Let z be l(7). What is the tens digit of 2/((-4)/z)*-6?
1
Let t(g) = 12*g - 9. Let z be t(10). Let l = -20 + z. What is the units digit of l?
1
Let g(z) = z**3 + 14*z**2 + 14*z + 16. Let b be g(-13). Suppose b*j - 96 = 6. What is the tens digit of j?
3
Let n = -14 - -18. Suppose -22 = -2*l - 4*m, n*l + m + 4*m - 53 = 0. What is the units digit of l?
7
Let b = 3183 - 1469. What is the units digit of 16/104 - b/(-13)?
2
Let o be ((-24)/(-3 + 0))/2. Suppose 4*t + d = 14, o*t = -0*t + d + 18. Suppose t*f - 92 = -24. What is the units digit of f?
7
What is the hundreds digit of ((-20)/3)/((10/195)/(-2))?
2
Let t = 6 + -3. Let m = 22 + t. What is the units digit of m?
5
Let w(r) = -r**2 + 18*r - 63. Let u be w(9). Suppose -u*m + 13*m = -1350. What is the units digit of m?
0
Let m(a) = -3 - 3 - 2 - 17*a. What is the units digit of m(-4)?
0
Suppose -2*b = -240 + 56. Suppose 98 + b = 5*o. What is the tens digit of o?
3
Let c = 45 + -41. Suppose 0*u - 2*u + 5*h + 40 = 0, 0 = -2*u + c*h + 38. What is the tens digit of u?
1
Let c be 9/7 + 16/(-56). Let o be 0/(-2 + (1 - c)). Suppose 4*z + 64 - 220 = o. What is the units digit of z?
9
Let d(j) = j**3 - 14*j**2 + 16*j - 31. Let c be d(13). Suppose c*h = 897 + 55. What is the units digit of h?
9
Let c = -533 - -310. Let m = c - -399. What is the units digit of m?
6
What is the hundreds digit of 1706 + 0 + -5 + (4 - -4)?
7
Let a = -48 - -68. Let s(y) = 5 + 6 + a*y - 9. What is the units digit of s(3)?
2
Suppose 0 = 5*b - 3*d - 145, -2*b = b + 3*d - 111. What is the units digit of 4/(-22) - b*(-584)/176?
6
Let t = 3869 + -2116. What is the thousands digit of t?
1
Suppose c = 4*y - 13, -3*y + y + 5 = -c. Suppose 2*t = y*s - 12, -t + 0*t + 8 = 5*s. Suppose -x + 39 = -0*x - s*g, g + 5 = 0. What is the units digit of x?
9
Let h(j) = j**2 + j - 10. Let m be h(0). Let y be (-20)/m*2/4. What is the tens digit of ((-11)/2 + y)*-4?
1
Suppose 0 = 3*o + 3*b - 5763, 0 = -15*o + 11*o - 5*b + 7683. What is the tens digit of o?
2
Let l be (-26)/(-4) + 2/(-4). Suppose 4*d = 2 + l. Suppose -5 = 5*k - d*x, 4*k - x + 2 = k. What is the units digit of k?
1
Suppose -3*q + 0*s + 5353 = -s, 3*q - 5355 = 3*s. What is the units digit of q?
4
Suppose 3*c - 5*c + 6 = 0. Suppose c*j - 4*j + 195 = 0. What is the hundreds digit of j?
1
Let t = -41 + 8. Let z = 90 + t. What is the units digit of z?
7
Let b(s) = s**2 - 17*s + 19. Let l be b(16). Suppose 3*w - w - 82 = -l*r, -w + 30 = -4*r. What is the tens digit of w?
3
Suppose -181*z = -194*z + 17238. What is the hundreds digit of z?
3
Suppose 5*w - 10 = 0, -o + 6*o + 4*w + 22 = 0. Let k be (1/2)/((-2)/(-8)). What is the units digit of (-141)/o + (-1)/k?
3
Suppose 5 = -5*b, -l - 5*b = -1 - 6. Let v = l + 82. What is the units digit of v?
4
Let y = -39 - -116. What is the tens digit of (36/7)/(11/(y/2))?
1
Let j(d) = 4*d**2 - 5*d - 7. Let i(h) = -10*h**2 + 12*h + 18. Let x(r) = -5*i(r) - 12*j(r). Let v be x(0). Let o(m) = -3*m - 2. What is the units digit of o(v)?
6
Let q be (-1 - 0)/((-5)/(-25)). What is the units digit of 846/3 + (q - -4)?
1
Let v(n) = 254*n + 4. Let k be v(-1). Let j = 421 + k. What is the units digit of j?
1
What is the thousands digit of (4994/(-11))/(4/(-16))?
1
Suppose 882 = 8*f + f. What is the units digit of (-28)/f - (-284)/14?
0
Let j be 405/12*(-48)/(-9). Suppose g - 34 - 21 = 3*o, -j = -3*g + 4*o. What is the units digit of g?
4
Let j(r) = 22*r - 12. What is the tens digit of j(34)?
3
Let k(j) = j + 13. Let a be k(-7). What is the units digit of (-161)/(-6) - (-1)/a?
7
Suppose -37 = -r + 38. What is the tens digit of r?
7
Let v = 188 - -54. Suppose o + o = 3*d - v, d - 94 = 4*o. What is the units digit of d?
8
Let j(r) = 1 - r**3 - 1 + 3*r**2 - 2 + 4*r + 2*r. Let u be j(4). Suppose 0 = -m + 23 - u. What is the units digit of m?
7
Let m be 1 + (5 - -2*1). Let g = 74 - 72. Suppose -m*q + g*q = -192. What is the tens digit of q?
3
Let n = 1354 - 922. What is the tens digit of n?
3
Let c(n) = -130*n. Let a be c(-1). Let l be a/35 + (-6)/(-21). Suppose -2*f = -l*j + 60, -3*j - 2*f - f + 36 = 0. What is the tens digit of j?
1
Let j(g) = -190*g**3 - g**2 - g - 1. What is the units digit of j(-1)?
9
Let f(v) = 5*v. Let r(w) be the third derivative of -w**4/24 - w**3/6 - 5*w**2. Let y be r(-6). What is the tens digit of f(y)?
2
Suppose -3*h = -8*h - t + 4, 2 = 5*h + 3*t. Let g = h + 4. Suppose 4*b = k + 116, -g*b + 9 + 145 = k. What is the tens digit of b?
3
Let t = 170 - 135. What is the units digit of t?
5
Let x = 29 - -9. What is the tens digit of (x + -37)*(-110)/(1 + -3)?
5
Let m(h) = h**3 + 3*h**2 + 3. Let r be m(-3). Suppose 40 = r*q - 26. What is the tens digit of (-2)/(1/q*-2)?
2
Let w be (-1 - -6)*(-2 - (-14)/(-5)). Let q = 24 - w. What is the tens digit of q?
4
Let g(f) = 5*f**2 - 5*f + 7. Let q be g(4). Suppose 3*h = -2*l + q, 0*h - 4*h + 2*l + 66 = 0. What is the units digit of h?
9
Let k(l) = -27*l**2 + 6*l - 6. Let m be k(3). What is the tens digit of (-9)/11 - -1 - 19131/m?
8
Let v = -196 - -377. What is the units digit of v?
1
Suppose -31 = -2*w - 5*c, -5 - 5 = -2*w + 2*c. Let f(h) = -h**3 + 8*h**2 + 7*h + 18. What is the units digit of f(w)?
4
Let r(q) = -25*q - 34. What is the units digit of r(-3)?
1
Let c be 2/4 + (-113)/2. Let n = c - -119. Let h = -41 + n. What is the tens digit of h?
2
What is the hundreds digit of 3 + -13 + 102784/16?
4
Suppose -9*i = -9 - 72. Suppose -i*q + 889 = -2*q. What is the tens digit of q?
2
Let x = 40 - 58. What is the units digit of ((-6)/(-5))/(x/(-60))?
4
Let y(u) = -68*u + 9. What is the tens digit of y(-1)?
7
Let y = -15 - -16. What is the units digit of 0 + y - ((2 - 0) + -106)?
5
Suppose 2*l + q + 1 = 4*q, 4*l + 9 = -q. What is the units digit of (2/(-12)*14)/(l/102)?
9
Suppose -13*n - 12 = -7*n. What is the tens digit of (1 - -71) + (0/n - -2)?
7
Let l = 10 + -5. Let a be l/20 - 7/(-4). Suppose -2*t = -5*v + 196, 70 = a*v + t + t. What is the tens digit of v?
3
Let n(z) = 4*z**3 - 3*z**2 - 3*z + 7. Let t(x) = -2*x**2 + x**3 + x**2 + 0*x**2 - 2*x + x**3 + 3. Let q(b) = 3*n(b) - 5*t(b). What is the units digit of q(3)?
7
Let b = 1 + -3. Let j(p) be the first derivative of -8*p**2 - 4*p + 4. What is the tens digit of j(b)?
2
Suppose -5*c = -20, 0 = -k - 2*c + 5*c - 3. Suppose 0 = -k*d + 4*d + 60. Suppose d = 4*h - 2*h. What is the units digit of h?
6
Suppose -48*q = -43*q + 70. Let h = q - -108. What is the units digit of h?
4
What is the units digit of ((-126)/(-54) - (-6)/9) + 2039?
2
Let k(z) = -6*z + 42. Let s be k(7). Suppose u = -3, 510 = -s*n + 5*n + 5*u. What is the hundreds digit of n?
1
What is the tens digit of (-7281)/(-15) - 92/230?
8
Let f = 230 - 110. Let d be 6 - 38/8 - (-1626)/24. Let n = f - d. What is the tens digit of n?
5
Suppose 5*x - 6 = 2*x. Suppose 5*w = -49 + 114. What is the units digit of w - x*2/4?
2
Let y(b) = -b + 16. Let t be y(12). Let q(m) = -m**2 + 4*m - 1. Let k be q(t). Let w = k - -2. What is the units digit of w?
1
Let s(h) be the first derivative of -h**4/4 - 5*h**3/3 + 3*h**2 - 5*h - 5. What is the tens digit of s(-7)?
5
Suppose 15*z + 4*z = 6878. What is the hundreds digit of z?
3
Let r be ((-153)/27)/(1/(-3)). Suppose r*u - 19*u + 344 = 0. What is the units digit of u?
2
What is the tens digit of (662/4)/(50/20 + -2)?
3
Let b(i) = 12*i**2. Let c be b(-1). Suppose -16*j + 11*j + 145 = 0. Let p = j - c. What is the units digit of p?
7
What is the tens digit of 0 + 91 + 12 + -11?
9
Suppose -3*p = -2 - 10. Suppose p*v - 5*y + 58 = 5*v, 10 = 2*y. What is the tens digit of (-6)/v + (-1194)/(-33)?
3
Let v = 81 + -44. Let d be (-438)/34 + -1*10/85. Let q = d + v. What is the units digit of q?
4
Suppose -3*m + 9*m = 10848. What is the units digit of m?
8
Suppose 0*x = -3*x. S